s divided by 3532?
14
What is the remainder when 22789 is divided by 148?
145
What is the remainder when 2419 is divided by 175?
144
Calculate the remainder when 13260 is divided by 18.
12
What is the remainder when 8503 is divided by 139?
24
What is the remainder when 215055 is divided by 195?
165
What is the remainder when 729 is divided by 24?
9
What is the remainder when 1498 is divided by 16?
10
Calculate the remainder when 21643 is divided by 70.
13
What is the remainder when 3159 is divided by 310?
59
What is the remainder when 44303 is divided by 106?
101
Calculate the remainder when 548488 is divided by 274237.
14
What is the remainder when 1243724 is divided by 144?
140
Calculate the remainder when 134412 is divided by 29.
26
What is the remainder when 719680 is divided by 214?
212
Calculate the remainder when 5691 is divided by 26.
23
What is the remainder when 6807 is divided by 681?
678
Calculate the remainder when 221969 is divided by 14.
13
What is the remainder when 21428 is divided by 1339?
4
Calculate the remainder when 1600739 is divided by 45.
44
Calculate the remainder when 33285 is divided by 2772.
21
Calculate the remainder when 1706 is divided by 93.
32
Calculate the remainder when 48545 is divided by 192.
161
Calculate the remainder when 2259375 is divided by 18.
15
What is the remainder when 66064 is divided by 27?
22
Calculate the remainder when 7129 is divided by 310.
309
What is the remainder when 16162 is divided by 663?
250
What is the remainder when 83339 is divided by 45?
44
Calculate the remainder when 2559 is divided by 13.
11
What is the remainder when 32039 is divided by 112?
7
What is the remainder when 1368 is divided by 55?
48
What is the remainder when 16363 is divided by 16357?
6
Calculate the remainder when 25336 is divided by 12632.
72
Calculate the remainder when 146148 is divided by 146131.
17
Calculate the remainder when 82652 is divided by 650.
102
Calculate the remainder when 34447 is divided by 48.
31
What is the remainder when 4483 is divided by 2160?
163
Calculate the remainder when 941 is divided by 881.
60
What is the remainder when 6050 is divided by 161?
93
What is the remainder when 106 is divided by 30?
16
What is the remainder when 899 is divided by 831?
68
Calculate the remainder when 2135 is divided by 42.
35
Calculate the remainder when 3678152 is divided by 251.
249
Calculate the remainder when 1341058 is divided by 420.
418
What is the remainder when 281865 is divided by 150?
15
Calculate the remainder when 1208 is divided by 120.
8
Calculate the remainder when 48268 is divided by 290.
128
Calculate the remainder when 140188 is divided by 1179.
1066
What is the remainder when 21856 is divided by 7281?
13
Calculate the remainder when 113970 is divided by 540.
30
Calculate the remainder when 1547 is divided by 1442.
105
What is the remainder when 41323 is divided by 5900?
23
Calculate the remainder when 34856 is divided by 28.
24
What is the remainder when 153483 is divided by 9591?
27
Calculate the remainder when 6225 is divided by 675.
150
What is the remainder when 206 is divided by 34?
2
Calculate the remainder when 75193 is divided by 32.
25
What is the remainder when 6768 is divided by 281?
24
Calculate the remainder when 39584 is divided by 1016.
976
What is the remainder when 1352766 is divided by 33?
30
Calculate the remainder when 28173 is divided by 36.
21
What is the remainder when 71313 is divided by 382?
261
Calculate the remainder when 55061 is divided by 79.
77
What is the remainder when 4577 is divided by 760?
17
Calculate the remainder when 1106421 is divided by 12.
9
Calculate the remainder when 119592 is divided by 58.
54
What is the remainder when 2048963 is divided by 73?
72
What is the remainder when 290145 is divided by 924?
9
Calculate the remainder when 8740 is divided by 624.
4
Calculate the remainder when 2658 is divided by 128.
98
Calculate the remainder when 15232 is divided by 15140.
92
Calculate the remainder when 1144622 is divided by 67.
61
What is the remainder when 2298 is divided by 109?
9
What is the remainder when 66917 is divided by 218?
209
What is the remainder when 271 is divided by 78?
37
Calculate the remainder when 119613 is divided by 23919.
18
What is the remainder when 4279 is divided by 1705?
869
What is the remainder when 4201413 is divided by 14?
13
What is the remainder when 6388 is divided by 2111?
55
What is the remainder when 26993 is divided by 3367?
57
Calculate the remainder when 123910 is divided by 59.
10
Calculate the remainder when 2578 is divided by 310.
98
What is the remainder when 2997 is divided by 531?
342
What is the remainder when 15593 is divided by 893?
412
Calculate the remainder when 47556 is divided by 889.
439
Calculate the remainder when 31678 is divided by 453.
421
Calculate the remainder when 55081 is divided by 183.
181
Calculate the remainder when 2408539 is divided by 481707.
4
What is the remainder when 956042 is divided by 239008?
10
What is the remainder when 180464 is divided by 49?
46
Calculate the remainder when 7384 is divided by 2454.
22
What is the remainder when 5336 is divided by 2641?
54
What is the remainder when 756078 is divided by 1040?
1038
What is the remainder when 31326 is divided by 5177?
264
What is the remainder when 14332 is divided by 341?
10
What is the remainder when 19829 is divided by 2830?
19
Calculate the remainder when 2566 is divided by 49.
18
What is the remainder when 244782 is divided by 36?
18
Calculate the remainder when 6502 is divided by 928.
6
What is the remainder when 68509 is divided by 32?
29
Calculate the remainder when 1015 is divided by 333.
16
What is the remainder when 868254 is divided by 369?
366
Calculate the remainder when 5591590 is divided by 31.
27
What is the remainder when 77770 is divided by 79?
34
What is the remainder when 1597 is divided by 106?
7
What is the remainder when 994114 is divided by 222?
220
Calculate the remainder when 150548 is divided by 83.
69
Calculate the remainder when 6341 is divided by 148.
125
What is the remainder when 3306 is divided by 1591?
124
What is the remainder when 119375 is divided by 4?
3
What is the remainder when 252159 is divided by 247?
219
Calculate the remainder when 1588 is divided by 24.
4
What is the remainder when 78757 is divided by 10?
7
What is the remainder when 899 is divided by 83?
69
Calculate the remainder when 26429 is divided by 185.
159
Calculate the remainder when 76691 is divided by 44.
43
Calculate the remainder when 334113 is divided by 12.
9
What is the remainder when 4690 is divided by 1498?
196
Calculate the remainder when 781894 is divided by 58.
54
What is the remainder when 4004 is divided by 3626?
378
Calculate the remainder when 30547 is divided by 30537.
10
Calculate the remainder when 583481 is divided by 166.
157
What is the remainder when 824281 is divided by 734?
733
What is the remainder when 178075 is divided by 17807?
5
Calculate the remainder when 21460 is divided by 42.
40
Calculate the remainder when 1219705 is divided by 2238.
2233
Calculate the remainder when 31783 is divided by 331.
7
What is the remainder when 15014 is divided by 516?
50
What is the remainder when 8858 is divided by 2588?
1094
Calculate the remainder when 51046 is divided by 4640.
6
Calculate the remainder when 37409 is divided by 2331.
113
Calculate the remainder when 248688 is divided by 82888.
24
Calculate the remainder when 36687 is divided by 53.
11
What is the remainder when 6017 is divided by 94?
1
What is the remainder when 827317 is divided by 45961?
19
Calculate the remainder when 133030 is divided by 53.
0
What is the remainder when 3098 is divided by 490?
158
What is the remainder when 24090 is divided by 712?
594
Calculate the remainder when 13392 is divided by 121.
82
Calculate the remainder when 18706 is divided by 37.
21
What is the remainder when 24190 is divided by 126?
124
Calculate the remainder when 166773 is divided by 1853.
3
Calculate the remainder when 97262 is divided by 133.
39
Calculate the remainder when 6178 is divided by 1995.
193
Calculate the remainder when 667 is divided by 75.
67
What is the remainder when 95359 is divided by 305?
199
Calculate the rema